What is the greatest common factor of p and 2?
2
Let d = -116 + 131. Let x(r) = 22*r + 55. Let a be x(d). What is the highest common factor of 35 and a?
35
Let w be (6/(-9))/(4/(-42)). Suppose 0*u = -4*u - 284. Let g = u + 99. Calculate the greatest common divisor of g and w.
7
Let v(m) = m**3 - m**2 + 2*m - 3. Let n be v(0). Let w = 5 + n. Suppose -w*a + 222 - 24 = 0. What is the greatest common divisor of 11 and a?
11
Let b be (5 + -7)*(2 + -14). Let m = -13 - -18. Suppose 2*n + 4*z - 84 = -2*n, 9 = -n + m*z. What is the highest common factor of n and b?
8
Let z = -108 - -122. Suppose 0 = 5*m + 5*w - 145, 2*w - z = m - 28. Calculate the highest common factor of m and 60.
12
Let v be 4*1/4*2. Let r be (86/(-6)*1)/((-2)/6). Let n = -42 + r. Calculate the highest common factor of v and n.
1
Suppose -5*q + 19 = -2*w, 3*q - 2*w - 5 = -4*w. Suppose -2*d + q = -d. Let n be (-2)/(d + 44/(-12)). What is the greatest common divisor of 15 and n?
3
Suppose -15*s + 14*s + 3 = 0. Suppose -2*z + 85 = s*z. Calculate the greatest common divisor of z and 221.
17
Suppose -66 - 24 = -10*d. Suppose -d*a + 3 = -24. What is the greatest common factor of 27 and a?
3
Suppose -7*n + 180 = -16*n. Let p(b) = -b**3 - 20*b**2 - 2*b - 4. Let w be p(n). Calculate the greatest common divisor of w and 4.
4
Let r(z) = -2*z**3 - 4*z**2 - z + 2. Let a be r(-2). Suppose 118 - a = 2*p. Calculate the highest common factor of p and 38.
19
Let u be -2*(1 + 1 + 1). Suppose 0 = -4*j + 3*j - 2*i + 3, 0 = 3*j - 2*i + 7. Let p = j - u. Calculate the greatest common factor of p and 45.
5
Let k = -202 + 322. What is the highest common divisor of k and 15?
15
Let l = 113 - -82. Suppose 0 = p + 5*o - 49, 4*p + 3*o = l - 33. What is the highest common factor of 3 and p?
3
Let u be 1806*((-2)/(-24) - 7/(-28)). What is the highest common divisor of 14 and u?
14
Let p(m) = 39*m**2 - 2*m + 2. Let d be p(2). Suppose -3*n - d = -17*n. What is the highest common factor of 11 and n?
11
Suppose 0 = 19*v - 14*v - 195. Suppose z = 2*z - 3, 2*s - v = z. Calculate the highest common divisor of 42 and s.
21
Let u be 640/15 - 2/(-6). Suppose -5*c - 92 = u. Let l be -4 + 2 - (1 + c). Calculate the greatest common factor of 24 and l.
24
Let p be (-2 + 4)*159/6. Let y be 7/(-14) + p/2. Suppose 4*j = 7*j - 702. Calculate the highest common factor of y and j.
26
Suppose -6*d = -8*d + 44. Let a = 0 + d. Calculate the highest common factor of 110 and a.
22
Suppose 24*v - 19*v + 2567 = 4*r, -3*v = -5*r + 3225. Calculate the highest common divisor of r and 72.
72
Suppose 8*v - 136 = 40. Suppose 4*y + 2*g - 5*g = 402, 4*y = 4*g + 404. What is the highest common factor of v and y?
11
Let z = -41 + 185. Let a = 190 + -270. Let d be (-3)/(-4 + (-305)/a). What is the highest common divisor of z and d?
16
Let k be (28/42)/(6/171). What is the greatest common factor of k and 152?
19
Let u = -40 - -20. Let f = -17 - u. Suppose 0 = f*q + 3*h - 45, 5*q - 4*h - 43 = 41. Calculate the highest common divisor of 4 and q.
4
Suppose 49*m = 38*m + 1749. What is the highest common factor of 3 and m?
3
Let t = 3 + 2. Suppose -t*q + 2*c + 31 = 0, -2*q = 2*c - 11 + 7. What is the greatest common factor of q and 20?
5
Let q = 227 - 223. Calculate the highest common factor of 13 and q.
1
Let c = 385 - 125. Calculate the greatest common divisor of 40 and c.
20
Let t = -244 + 248. Calculate the greatest common divisor of t and 1.
1
Suppose 2*m = -5*g + 7608, 2*m - 7*m = 4*g - 6100. Let z be g/6 + 4/24*-2. What is the highest common factor of z and 23?
23
Suppose -2*w = 19 - 55. Suppose -3 = 9*j - 10*j. Suppose -2*s + j*s = 9. What is the highest common factor of s and w?
9
Let f = 12 - -4. Suppose -a = -0*a + 3, -a = -3*l + 123. What is the greatest common factor of f and l?
8
Let q = 10 - 5. Suppose 5 + q = g. What is the highest common divisor of 20 and g?
10
Suppose i - 3*w = 18, -2*i + 40 = 10*w - 12*w. What is the greatest common divisor of 189 and i?
21
Let u(r) = -r**2 + 32*r - 36. Let j be u(16). Calculate the highest common divisor of 88 and j.
44
Let n be 842/8 - 2/8. Let j be (75 + -82)/(1/(-6)). What is the highest common factor of n and j?
21
Let w be (-1)/(-2) - ((-12)/8 + 2). Suppose 6*o - 316 + 28 = w. What is the highest common factor of o and 32?
16
Let m = 283 - 142. Suppose 28*t - 2851 = 532 - 751. Calculate the greatest common factor of t and m.
47
Let j(v) = v**2 - v + 2. Let c be j(4). Suppose 11*t - c*t + 6 = 0. Let a be (3 - (-2 + 9))/(-1 + -1). Calculate the highest common factor of t and a.
2
Let j = 413 - 273. What is the highest common divisor of 56 and j?
28
Let n be (((-24)/(-9))/(-4))/(2/(-156)). Suppose -4*o + 4*q + n = -0*q, 5*o - q = 45. Calculate the greatest common divisor of o and 40.
8
Suppose 5*v = 3*h + 57, 17*v - 14*v = 2*h + 35. Calculate the greatest common divisor of v and 45.
9
Let p = 709 + -309. What is the highest common divisor of p and 250?
50
Suppose 0 = -19*s + 176 + 1819. Calculate the highest common factor of 63 and s.
21
Suppose 184 = 6*t - 3*t + 2*m, -4*m = -8. Calculate the greatest common factor of 70 and t.
10
Suppose -21*j + 16*j = -15. Let x = j + 0. Let b(k) = k**3 + k**2 - 3*k + 3. Let f be b(x). Calculate the highest common factor of 20 and f.
10
Let y(w) = 4*w**3 + 3*w**2 - 3*w - 2. Let z be y(2). Calculate the greatest common divisor of 6 and z.
6
Let n(q) = -3*q + 72. Let s = 59 + -59. Let t be n(s). Calculate the highest common divisor of 54 and t.
18
Suppose 0 = -z - 11*l + 8*l + 5, 0 = -2*z + l + 45. What is the highest common factor of 305 and z?
5
Suppose 25857 = 132*i - 15*i. What is the highest common factor of i and 169?
13
Let l(f) = -f**3 - 8*f**2 - 25*f - 1. Let n be l(-6). Suppose 26 + 9 = 5*i - 4*y, -5*i + 2*y + 45 = 0. What is the greatest common divisor of n and i?
11
Let k = -21 + 44. Let l(r) = 6*r**2 + 30*r + 33. Let b be l(-6). Calculate the highest common factor of k and b.
23
Suppose -4*f = 1897 - 2649. Calculate the highest common divisor of f and 4.
4
Suppose -7*z - 2 = 5. Let k be z - (2 - (20 + -2)). What is the greatest common divisor of 15 and k?
15
Let p = 95 + -43. Suppose 0 = 50*q - 48*q - p. Calculate the highest common divisor of 13 and q.
13
Let l be (-262)/(-3) + (-4)/(-6). Let p(j) = -2*j - 8. Let i be p(-8). Let c = i - 0. Calculate the greatest common divisor of c and l.
8
Let d(j) = 1 - 12*j + 5*j**2 - 10 + 2*j**2 + j**3. Let p be d(-8). Suppose -3*z = -p + 8. Calculate the greatest common factor of 55 and z.
5
Suppose 23*y - 2550 = -2*y. Calculate the highest common factor of y and 12.
6
Let x = 2411 + -2401. What is the greatest common divisor of 1070 and x?
10
Suppose 2*t + 57 + 22 = 3*y, -2*t + 56 = 2*y. Suppose y = -6*d + 9*d. What is the greatest common factor of 6 and d?
3
Suppose 335*v - 375 = 330*v. What is the highest common factor of 120 and v?
15
Let l(v) = v**3 + 18*v**2 + 34. Let b be l(-18). Let f = b + -28. Calculate the highest common divisor of f and 78.
6
Suppose 14 = 5*i - 11. Let b be (110/7)/(i/35). Calculate the greatest common factor of 10 and b.
10
Let w(n) = -n**3 - n**2 + 3*n - 35. Let y be w(0). Let o = 60 + y. Let q be (-33)/(-7) + (-4)/(-14). Calculate the highest common divisor of q and o.
5
Let x be (10/20)/(1 - (-1)/(-2)). Let h be (5/3)/((-40)/(-36) - x). What is the greatest common divisor of h and 9?
3
Let w(b) = -2*b - 6. Let h be w(-10). Let f = -11 + h. Suppose f*u - 2 = u. Calculate the highest common factor of u and 2.
1
Suppose -3*n = -4*w - 6 - 18, 3*n = -3*w + 3. Calculate the highest common divisor of 272 and n.
4
Let d(p) = -p**2 + 8*p + 54. Let y be d(10). What is the highest common divisor of y and 442?
34
Let v(u) = -u**3 - 6*u**2 - 4*u - 8. Let l be v(-7). Let k = -56 + l. What is the highest common divisor of 1 and k?
1
Suppose -3*l = f - 158, l + l = 5*f + 128. Calculate the highest common factor of 126 and l.
18
Suppose 3*g = -5*y + 553, -2 = 66*g - 68*g. Calculate the greatest common divisor of y and 176.
22
Suppose 2*b = -4*s + 934, 47*s - 703 = 44*s - 2*b. Suppose 2*j - 7*j = -3*u - 108, -4*j + 86 = -2*u. Calculate the highest common factor of s and j.
21
Let s(j) = j**2 + 2*j - 29. Let y be s(-13). Calculate the highest common factor of 57 and y.
57
Let b = 55 + -46. Calculat